 = 0. Let g(n) = 27*n**3 - 78*n**3 + 7*n**2 + 52*n**3 + 8*n + 9. Give g(v).
-3
Let p = -27 - -147. Let h be (p/36)/((-1)/(-54)). Let o be (-1)/3 + h/(-27). Let j(s) = -s**3 - 7*s**2 - 1. Calculate j(o).
-1
Let t be (8 + (-1 - 5))/((-2)/(-37)). Let j(u) = 4 - u - 34*u**2 - 3 + t*u**2. Calculate j(-2).
15
Let b(n) = n - 5. Let c = 4 - 0. Let x(s) = 2*s - 2. Let z be x(c). What is b(z)?
1
Let k = -156 - -158. Let y(d) be the first derivative of -2*d**k + 5 - 1/4*d**4 - 4/3*d**3 - 4*d. Give y(-3).
-1
Suppose 0 = -20*c - 348 - 32. Let v(n) = -n**2 - 21*n - 37. Give v(c).
1
Suppose 46*v - 29*v = 85. Let l(w) = w**3 - 6*w**2 + 9*w + 1. What is l(v)?
21
Let o(t) be the third derivative of t**4/24 - 5*t**3/6 - t**2. Let f be (-4)/6 + -3*(-40)/45. Suppose b - 3 + 2 = 0, f*l - 9 = -b. Calculate o(l).
-1
Let b(k) = k + 1. Let z(c) = c**2 + 3*c - 50. Let a be z(-9). What is b(a)?
5
Let i be 12/(-20) - (-243)/5. Suppose 64 = -4*w - i. Let a be (-2)/7 - 148/w. Let d(x) = x**3 - 4*x**2 - 5*x - 3. What is d(a)?
-3
Let j(d) = d + 1 + 4 + 0. Suppose 4*y + 0*y = -16. Determine j(y).
1
Let d(p) = 3*p**3 - 17*p**2 - 4*p - 7. Let c(n) = -n**3 + 3*n**2 + 1. Let t(z) = 4*c(z) + d(z). Let o = 1 - 3. Give t(o).
-7
Let d = -188 - -84. Let f = d + 100. Let k(l) = -l**2 - 7*l - 3. What is k(f)?
9
Let i(w) = -14*w + 9. Let z(b) = -23*b + 19. Let d(u) = -5*i(u) + 3*z(u). What is d(0)?
12
Let w(x) be the third derivative of 3*x**5/20 + x**4/12 - x**3/3 - 42*x**2. Calculate w(2).
38
Let k(d) = -d**2 + 12*d - 7. Let r be k(11). Suppose -3*t + 3*l = -6*t + 12, -l = -3*t + r. Let p(o) = 6*o - 3. Determine p(t).
9
Let y(i) = 4*i - 2*i**3 + 3*i**3 + 5 + 1 + 4*i**2 - 9*i. Let u be 15*((-21)/9 - -4). Suppose 6*h + u = h. Calculate y(h).
6
Let q(w) = -34*w**2 - w**3 - 5 + w + w - w + 33*w**2. What is q(0)?
-5
Let z(f) = 3*f**3 - 12*f**2 + 14*f + 1. Let h be z(2). Let w(o) = -6*o + 7. Give w(h).
-23
Let f(o) = -3*o**2 + 2*o - 3. Suppose 0 = 5*q - 4*q - 3. Give f(q).
-24
Let w be 7/(-4) + 3/(-12). Let m = w - -2. Let v(g) be the first derivative of g**3/3 + g**2/2 - 10*g - 2. What is v(m)?
-10
Let g(v) = -v**2 + 6*v + 2. Suppose 15 = 3*j + 2*h, h + 9 = 2*j + 6. Suppose 42 = 5*z - 4*a, -3 = z - 0*z + j*a. Determine g(z).
2
Let l(i) = -2*i. Let z(g) = -g**3 - 5*g**2 - 2*g - 4. Let d(x) = -4*l(x) + z(x). Give d(-6).
-4
Let c = 19 - 25. Let v(t) = -3*t + 2186 - 2*t - 2192 - t**2. Determine v(c).
-12
Let w(j) be the first derivative of -1/3*j**3 - 2 + 3/2*j**4 + 1/2*j**2 + 0*j. Suppose 5 - 1 = 4*d. Give w(d).
6
Suppose 11 = 5*c + 1. Suppose -3*k - 5 - c = -l, 0 = -5*k + 4*l - 7. Let u(p) be the first derivative of -p**4/4 - p**3 + p**2/2 - p - 415. Determine u(k).
-4
Let g be (5 - 5)/((-2)/(-2)). Let c = 14 + -19. Let r(b) = b - 8. Let q(s) = 2*s - 16. Let l(y) = c*r(y) + 3*q(y). Calculate l(g).
-8
Let i be (63/9 + -8)*(2 - 2). Let z(r) = -3*r + 6. What is z(i)?
6
Suppose 2*j - 4*z - 58 = 0, j = -0*z - z + 14. Let a(u) = -18*u + 9 + j*u - 4 + 4. What is a(-4)?
5
Let d(i) = 7*i - 68 - 6*i + 67. Give d(-8).
-9
Let l(y) = -y**2 + 20*y + 41. Let w = -2139 - -2161. What is l(w)?
-3
Let c(u) = 2*u + 6. Let j(o) = -6*o - 17. Suppose -8 = -n - 19. Let w(d) = n*c(d) - 4*j(d). Determine w(-5).
-8
Let r(m) = -37*m + 182. Let p be r(5). Let z(q) = 13*q**2 + 24*q + 7. Let y(d) = 3*d**2 + 6*d + 2. Let w(o) = 9*y(o) - 2*z(o). Calculate w(p).
-5
Let p(c) = 5*c + 8. Suppose 0 = 12*h - 24*h - 48. Give p(h).
-12
Let n(x) = x + 3. Let i be n(2). Suppose 2*k + i*d + 8 = 0, -3*k + 0*d = -d - 5. Let h(s) be the first derivative of -s**2/2 - s + 3. Calculate h(k).
-2
Let v(k) = -k**3 - 3*k**2 + k + 3. Let t = 1527 + -1530. Calculate v(t).
0
Let d(a) = -a - 13. Suppose -5*b - 65 = -s, 3*s = 5*b - s + 65. Let i be d(b). Suppose 2*j + 2 + 0 = i. Let t(n) = n**2 + 1. What is t(j)?
2
Suppose 0*k = -7*k + 8*k. Let m(g) = -g - 30. Give m(k).
-30
Let h = -3 + -9. Let u be (-62)/h + (4 - (-75)/(-18)). Let a(b) = 2*b - 5*b + 10 + 2*b. Calculate a(u).
5
Let x = 860 + -852. Let w(k) = k - 3. What is w(x)?
5
Let o(u) be the first derivative of -u**2 - 8*u - 640. Give o(6).
-20
Let b(v) = -v**3 - 6*v**2 - 6*v + 2. Let r be b(-5). Let t(w) be the third derivative of -38*w**2 + 4/3*w**3 + 1/60*w**5 - 7/24*w**4 + 0 + 0*w. Calculate t(r).
8
Let f(z) = -2*z - 629 - 632 - 2*z**2 + 1262. Calculate f(-2).
-3
Let j(k) be the first derivative of -k**2/2 - 9*k + 83. Determine j(-4).
-5
Let j(x) = x + 12. Let l be j(-6). Let i be (-9)/l*20/(-6). Suppose p = -1 + i. Let q(w) = w**3 - 4*w**2 + 1. Calculate q(p).
1
Let r(d) = -d**3 + 46*d**2 - 45*d - 5. Let u be r(45). Let w(m) = 3*m + 3. Give w(u).
-12
Let h(m) = -m**2 - 2*m - 3. Let p(l) = -l**3 + 8*l**2 - 22*l - 14. Let o(x) = -5*h(x) + p(x). Calculate o(12).
1
Let h(a) = -a - 3. Suppose 0 = -3*u + 64 + 170. Let c = 69 - u. Calculate h(c).
6
Let b(g) = g**3 - 47*g**2 - 2*g + 91. Let j be b(47). Let f(w) = -w**2 - 7*w - 2. What is f(j)?
10
Let a(d) = 2*d**2 + 10*d + 7. Let t(k) = k**2 + k + 1. Suppose -m + c = -2*c - 7, 4*m = 2*c + 8. Let j(h) = m*t(h) - a(h). Calculate j(-6).
12
Let f(u) be the third derivative of u**5/60 + 7*u**4/24 - 3*u**3/2 - 88*u**2. Determine f(-10).
21
Let k(w) = w + 17. Let r be k(-12). Let a(s) = 2*s**2 - 6*s - 7. What is a(r)?
13
Let o(h) be the third derivative of 1/2*h**3 + 2*h**2 + 0 + 1/24*h**4 + 0*h. What is o(3)?
6
Let w(d) = -d**2 - 6*d - 6. Let j = 29 + -28. Let o = -3 - j. Calculate w(o).
2
Let f(p) = 9*p - 11. Let s(k) = -25*k + 30. Let d(n) = 11*f(n) + 4*s(n). Let a be (-60)/27 - (-2)/9. Calculate d(a).
1
Let s(m) = m**3 - 6*m**2 - 8. Let c(a) = -4*a**3 + 16*a**2 - a + 24. Let y(t) = 2*c(t) + 7*s(t). Give y(-10).
12
Let o(y) = -y. Let u = -22 + 20. Let x be u + (2 - -1 - 4). Determine o(x).
3
Let q(l) = l**2 + 14*l + 6. Let p be q(-13). Let c(x) = -x**3 - x**2 - 1. Let f(z) = z**3 - 4*z**2 + 6*z - 6. Let h(y) = 2*c(y) + f(y). Determine h(p).
-1
Let f(r) = -r**3 - 19*r**2 + 43*r + 29. Let n = -1032 - -1011. Give f(n).
8
Let k(a) = 3*a + 0 - a**2 - a**3 - 1 - a**2 - 2*a. Suppose -5*i = 7*n - 11*n + 12, -4*n + i = 4. Determine k(n).
-3
Let d = 476 - 481. Let m(q) = 6*q - 10. Let u(f) = 7*f - 11. Let h(c) = 4*m(c) - 3*u(c). What is h(d)?
-22
Let y(q) be the second derivative of q**3/6 - q. Let c be y(-4). Let a(n) = 7*n + 0*n**2 - n**2 - 3*n - 61 + 2*n**2 + 63. What is a(c)?
2
Let u(f) = -8*f**2 - 4*f - 2. Let b(s) = -7*s**2 - 4*s - 2. Let x(y) = 7*b(y) - 6*u(y). Let m be (-7)/2 - -14*2/(-56). Determine x(m).
-2
Let v = -2950 + 2958. Let a(h) = h**3 - 7*h**2 - h + 7. What is a(v)?
63
Let k = 72 - 42. Let m = k - 24. Let s(n) be the first derivative of -n**4/4 + 7*n**3/3 - 7*n**2/2 + 7*n - 2. Determine s(m).
1
Let r(t) be the third derivative of t**4/24 + t**3/2 - 32*t**2. What is r(-3)?
0
Let x(m) = m**2 - m - 6. Let q be (-90)/(-63) + -1 + 54/21. What is x(q)?
0
Let l be -2*(-2 - 1/(-1)). Let v(n) = -20*n**3 + l*n - n + 22*n**3. Determine v(1).
3
Let s be 13/5 + 15/(-25). Suppose s*r = -3*h + 3, -h + 2*r = -2*r - 15. Let b(u) = -4*u + 2. Let v(x) = -1. Let j(c) = -b(c) + 2*v(c). Give j(h).
8
Let u(w) be the second derivative of w**5/20 + w**4/3 + w**3/6 - w**2/2 + 113*w. What is u(-4)?
-5
Let u(m) = m**2 + 15*m + 6. Let h(g) = -g**2 - 17*g - 7. Let z(v) = 6*h(v) + 7*u(v). Determine z(4).
28
Let s(j) = -j**3 - 5*j**2 - j + 7. Suppose -140 = 18*y + 10*y. Calculate s(y).
12
Let w(q) = -q**2 + 2*q + 30. Let a be w(-4). Let d(c) = -2*c**2 + 10*c + 6. Determine d(a).
-6
Let s(j) = j**2 - 5*j - 6. Let t = -20 + 30. Suppose p - 4*v - t = -0*p, -3*p - 4*v + 14 = 0. What is s(p)?
0
Let g = -68 - -70. Let p(b) = -b + 0 + 2*b - 2*b**2 + 1. Determine p(g).
-5
Let r be (60/(-40))/(58/(-32) + 2). Let i(h) = h**3 + 9*h**2 + 8*h + 8. What is i(r)?
8
Let g be (-236)/(-413) + 50/(-14). Let x = 2 + 0. Let c(w) = 7*w + 3 + 0*w**2 + 1 + w**x. Determine c(g).
-8
Let r(w) be the first derivative of -w**2/2 - w + 3. Let f be r(-3). Let u(v) be the second derivative of -v**3/6 - v**2/2 - 5*v. Give u(f).
-3
Let n(h) be the first derivative of -h**6/120 - h**5/10 - 5*h**4/24 + h**3/3 - 5*h**2 + 14. Let k(w) be the second derivative of n(w). Give k(-5).
2
Let z(f) = f**3 - 3*f**2 - 1. Let u(i) = i**3 + 4*i**2 + 24*i + 7. Let m(w) = -u(w) + 2*z(w). Determine m(12).
-9
Let u(r) = -